{"id":86,"date":"2016-06-12T15:47:47","date_gmt":"2016-06-12T13:47:47","guid":{"rendered":"https:\/\/www.huus-laeggerli.ch\/?page_id=86"},"modified":"2025-02-02T12:07:29","modified_gmt":"2025-02-02T10:07:29","slug":"preise","status":"publish","type":"page","link":"https:\/\/www.huus-laeggerli.ch\/?page_id=86","title":{"rendered":"Preise"},"content":{"rendered":"<div style='padding-bottom:10px; ' class='av-special-heading av-special-heading-h3    avia-builder-el-0  el_before_av_heading  avia-builder-el-first   '><h3 class='av-special-heading-tag '  itemprop=\"headline\"  >Preisliste 2025<\/h3><div class='special-heading-border'><div class='special-heading-inner-border' ><\/div><\/div><\/div>\n<div style='padding-bottom:10px; ' class='av-special-heading av-special-heading-h3    avia-builder-el-1  el_after_av_heading  el_before_av_one_full   '><h3 class='av-special-heading-tag '  itemprop=\"headline\"  >Preisliste 2025<\/h3><div class='special-heading-border'><div class='special-heading-inner-border' ><\/div><\/div><\/div>\n<div class=\"flex_column av_one_full  flex_column_div av-zero-column-padding first  avia-builder-el-2  el_after_av_heading  el_before_av_hr  \" style='border-radius:0px; '><section class=\"av_textblock_section \"  itemscope=\"itemscope\" itemtype=\"https:\/\/schema.org\/CreativeWork\" ><div class='avia_textblock  '   itemprop=\"text\" ><h2>Ferienhaus<\/h2>\n<p><span style=\"color: #000000;\">inklusive Frott\u00e9- und Bettw\u00e4sche, K\u00fcchenw\u00e4sche und Endreinigung, exklusive Kurtaxe.\u00a0 Hunde auf Anfrage pro Hund Pauschal 50 Euro.<br \/>\n<\/span><\/p>\n<\/div><\/section><br \/>\n<div class='avia-data-table-wrap avia_responsive_table'><table class='avia-table avia-data-table avia-table-1  avia-builder-el-4  el_after_av_textblock  avia-builder-el-last   avia_pricing_default '  itemscope=\"itemscope\" itemtype=\"https:\/\/schema.org\/Table\" ><tbody><tr class='avia-pricing-row'><th class='avia-desc-col'>Preis Pro Woche<\/th><th class='avia-desc-col'><\/th><\/tr><tr class=''><th class='avia-desc-col'>ab1050 Hochsaison:ab1120(4 Personen) Pro weitere Person 35 Euro<\/th><th class='avia-desc-col'>3 Schlafzimmer bis 8Betten und 3 Badezimmer. Ganzes Haus zur alleinige Nutzung (150m2). Drei gedeckte Parkpl\u00e4tze \u00a0 \u00a0 \u00a0 \u00a0 \u00a0 \u00a0 \u00a0 \u00a0 \u00a0 \u00a0 \u00a0 \u00a0 \u00a0 \u00a0<\/th><\/tr><\/tbody><\/table><\/div><style type='text\/css'>.avia-table-1 td:nth-of-type(1):before { content: 'Preis Pro Woche'; } .avia-table-1 td:nth-of-type(2):before { content: ''; } <\/style><\/p><\/div><div  class='hr hr-default   avia-builder-el-5  el_after_av_one_full  el_before_av_textblock '><span class='hr-inner ' ><span class='hr-inner-style'><\/span><\/span><\/div><\/p>\n<section class=\"av_textblock_section \"  itemscope=\"itemscope\" itemtype=\"https:\/\/schema.org\/CreativeWork\" ><div class='avia_textblock  '   itemprop=\"text\" ><h2><span style=\"color: #000000;\"><strong>Kurtaxe pro Tag<\/strong><\/span><\/h2>\n<p><span style=\"color: #000000;\">Erwachsene 3.50 Euro<\/span><\/p>\n<p><span style=\"color: #000000;\">Kinder 1.60 Euro<\/span><\/p>\n<\/div><\/section>\n<div class=\"flex_column av_one_full  flex_column_div av-zero-column-padding first  avia-builder-el-7  el_after_av_textblock  el_before_av_codeblock  column-top-margin\" style='border-radius:0px; '><\/div>\n\n","protected":false},"excerpt":{"rendered":"","protected":false},"author":1,"featured_media":0,"parent":0,"menu_order":0,"comment_status":"closed","ping_status":"closed","template":"","meta":{"jetpack_post_was_ever_published":false,"footnotes":""},"class_list":["post-86","page","type-page","status-publish","hentry"],"jetpack_sharing_enabled":true,"jetpack_shortlink":"https:\/\/wp.me\/P7dFBX-1o","_links":{"self":[{"href":"https:\/\/www.huus-laeggerli.ch\/index.php?rest_route=\/wp\/v2\/pages\/86","targetHints":{"allow":["GET"]}}],"collection":[{"href":"https:\/\/www.huus-laeggerli.ch\/index.php?rest_route=\/wp\/v2\/pages"}],"about":[{"href":"https:\/\/www.huus-laeggerli.ch\/index.php?rest_route=\/wp\/v2\/types\/page"}],"author":[{"embeddable":true,"href":"https:\/\/www.huus-laeggerli.ch\/index.php?rest_route=\/wp\/v2\/users\/1"}],"replies":[{"embeddable":true,"href":"https:\/\/www.huus-laeggerli.ch\/index.php?rest_route=%2Fwp%2Fv2%2Fcomments&post=86"}],"version-history":[{"count":78,"href":"https:\/\/www.huus-laeggerli.ch\/index.php?rest_route=\/wp\/v2\/pages\/86\/revisions"}],"predecessor-version":[{"id":704,"href":"https:\/\/www.huus-laeggerli.ch\/index.php?rest_route=\/wp\/v2\/pages\/86\/revisions\/704"}],"wp:attachment":[{"href":"https:\/\/www.huus-laeggerli.ch\/index.php?rest_route=%2Fwp%2Fv2%2Fmedia&parent=86"}],"curies":[{"name":"wp","href":"https:\/\/api.w.org\/{rel}","templated":true}]}}

<div style='padding-bottom:10px; ' class='av-special-heading av-special-heading-h3    avia-builder-el-0  el_before_av_heading  avia-builder-el-first   '><h3 class='av-special-heading-tag '  itemprop="headline"  >Preisliste 2025</h3><div class='special-heading-border'><div class='special-heading-inner-border' ></div></div></div>
<div style='padding-bottom:10px; ' class='av-special-heading av-special-heading-h3    avia-builder-el-1  el_after_av_heading  el_before_av_one_full   '><h3 class='av-special-heading-tag '  itemprop="headline"  >Preisliste 2025</h3><div class='special-heading-border'><div class='special-heading-inner-border' ></div></div></div>
<div class="flex_column av_one_full  flex_column_div av-zero-column-padding first  avia-builder-el-2  el_after_av_heading  el_before_av_hr  " style='border-radius:0px; '><section class="av_textblock_section "  itemscope="itemscope" itemtype="https://schema.org/CreativeWork" ><div class='avia_textblock  '   itemprop="text" ><h2>Ferienhaus</h2>
<p><span style="color: #000000;">inklusive Frotté- und Bettwäsche, Küchenwäsche und Endreinigung, exklusive Kurtaxe.  Hunde auf Anfrage pro Hund Pauschal 50 Euro.<br />
</span></p>
</div></section><br />
<div class='avia-data-table-wrap avia_responsive_table'><table class='avia-table avia-data-table avia-table-1  avia-builder-el-4  el_after_av_textblock  avia-builder-el-last   avia_pricing_default '  itemscope="itemscope" itemtype="https://schema.org/Table" ><tbody><tr class='avia-pricing-row'><th class='avia-desc-col'>Preis Pro Woche</th><th class='avia-desc-col'></th></tr><tr class=''><th class='avia-desc-col'>ab1050 Hochsaison:ab1120(4 Personen) Pro weitere Person 35 Euro</th><th class='avia-desc-col'>3 Schlafzimmer bis 8Betten und 3 Badezimmer. Ganzes Haus zur alleinige Nutzung (150m2). Drei gedeckte Parkplätze                            </th></tr></tbody></table></div><style type='text/css'>.avia-table-1 td:nth-of-type(1):before { content: 'Preis Pro Woche'; } .avia-table-1 td:nth-of-type(2):before { content: ''; } </style></p></div><div  class='hr hr-default   avia-builder-el-5  el_after_av_one_full  el_before_av_textblock '><span class='hr-inner ' ><span class='hr-inner-style'></span></span></div></p>
<section class="av_textblock_section "  itemscope="itemscope" itemtype="https://schema.org/CreativeWork" ><div class='avia_textblock  '   itemprop="text" ><h2><span style="color: #000000;"><strong>Kurtaxe pro Tag</strong></span></h2>
<p><span style="color: #000000;">Erwachsene 3.50 Euro</span></p>
<p><span style="color: #000000;">Kinder 1.60 Euro</span></p>
</div></section>
<div class="flex_column av_one_full  flex_column_div av-zero-column-padding first  avia-builder-el-7  el_after_av_textblock  el_before_av_codeblock  column-top-margin" style='border-radius:0px; '></div>
